{"id":291,"date":"2017-05-26T12:01:33","date_gmt":"2017-05-26T12:01:33","guid":{"rendered":"http:\/\/dkmantenimiento.com\/?page_id=291"},"modified":"2017-05-26T17:33:48","modified_gmt":"2017-05-26T17:33:48","slug":"limpieza-de-conductos-de-extraccion-de-humos","status":"publish","type":"page","link":"https:\/\/dkmantenimiento.com\/?page_id=291","title":{"rendered":"Limpieza de conductos de extracci\u00f3n de humos"},"content":{"rendered":"<p>[et_pb_section bb_built=\u00bb1&#8243; admin_label=\u00bbsection\u00bb][et_pb_row admin_label=\u00bbrow\u00bb][et_pb_column type=\u00bb1_2&#8243;][et_pb_image admin_label=\u00bbImagen\u00bb src=\u00bbhttp:\/\/dkmantenimiento.com\/wp-content\/uploads\/2017\/05\/13.png\u00bb show_in_lightbox=\u00bbon\u00bb url_new_window=\u00bboff\u00bb use_overlay=\u00bboff\u00bb sticky=\u00bboff\u00bb align=\u00bbleft\u00bb always_center_on_mobile=\u00bbon\u00bb use_border_color=\u00bboff\u00bb border_color=\u00bb#ffffff\u00bb border_style=\u00bbsolid\u00bb force_fullwidth=\u00bboff\u00bb animation=\u00bbleft\u00bb \/][\/et_pb_column][et_pb_column type=\u00bb1_2&#8243;][et_pb_text admin_label=\u00bbTexto\u00bb background_layout=\u00bblight\u00bb text_orientation=\u00bbleft\u00bb use_border_color=\u00bboff\u00bb border_color=\u00bb#ffffff\u00bb border_style=\u00bbsolid\u00bb]<\/p>\n<h5><strong>Limpieza de conductos de extracci\u00f3n de humos<\/strong><\/h5>\n<p>&nbsp;<\/p>\n<p>Si los conductos tienen una acumulaci\u00f3n de grasas y aceites, \u00e9stos har\u00e1n como<br \/>\nconductores del fuego en un incendio,ardiendo y conduciendo las llamas.<\/p>\n<p><strong>\u00bfCu\u00e1ndo se deben limpiar los conductos?<\/strong><br \/>\n<strong>Anualmente<\/strong>. Para la prevenci\u00f3n de incendios es necesario tener limpios los conductos y<br \/>\ncertificarlo.<\/p>\n<p>\u2022 Siempre que note un incremento de humo<br \/>\nen su cocina<br \/>\n\u2022 Siempre que sistema no extraiga el humo<br \/>\ncorrectamente.<br \/>\n\u2022 Cuando en la juntas de los conductos vea<br \/>\nalguna gota de grasa.<\/p>\n<p>&nbsp;<\/p>\n<p>&nbsp;<\/p>\n<p>[\/et_pb_text][\/et_pb_column][\/et_pb_row][\/et_pb_section]<\/p>\n","protected":false},"excerpt":{"rendered":"<p>[et_pb_section bb_built=\u00bb1&#8243; admin_label=\u00bbsection\u00bb][et_pb_row admin_label=\u00bbrow\u00bb][et_pb_column type=\u00bb1_2&#8243;][et_pb_image admin_label=\u00bbImagen\u00bb src=\u00bbhttp:\/\/dkmantenimiento.com\/wp-content\/uploads\/2017\/05\/13.png\u00bb show_in_lightbox=\u00bbon\u00bb url_new_window=\u00bboff\u00bb use_overlay=\u00bboff\u00bb sticky=\u00bboff\u00bb align=\u00bbleft\u00bb always_center_on_mobile=\u00bbon\u00bb use_border_color=\u00bboff\u00bb border_color=\u00bb#ffffff\u00bb border_style=\u00bbsolid\u00bb force_fullwidth=\u00bboff\u00bb animation=\u00bbleft\u00bb \/][\/et_pb_column][et_pb_column type=\u00bb1_2&#8243;][et_pb_text admin_label=\u00bbTexto\u00bb background_layout=\u00bblight\u00bb text_orientation=\u00bbleft\u00bb use_border_color=\u00bboff\u00bb border_color=\u00bb#ffffff\u00bb border_style=\u00bbsolid\u00bb] Limpieza de conductos de extracci\u00f3n de humos &nbsp; Si los conductos tienen una acumulaci\u00f3n de grasas y aceites, \u00e9stos har\u00e1n como conductores del fuego en un incendio,ardiendo y conduciendo [&hellip;]<\/p>\n","protected":false},"author":1,"featured_media":0,"parent":249,"menu_order":2,"comment_status":"closed","ping_status":"closed","template":"","meta":[],"_links":{"self":[{"href":"https:\/\/dkmantenimiento.com\/index.php?rest_route=\/wp\/v2\/pages\/291"}],"collection":[{"href":"https:\/\/dkmantenimiento.com\/index.php?rest_route=\/wp\/v2\/pages"}],"about":[{"href":"https:\/\/dkmantenimiento.com\/index.php?rest_route=\/wp\/v2\/types\/page"}],"author":[{"embeddable":true,"href":"https:\/\/dkmantenimiento.com\/index.php?rest_route=\/wp\/v2\/users\/1"}],"replies":[{"embeddable":true,"href":"https:\/\/dkmantenimiento.com\/index.php?rest_route=%2Fwp%2Fv2%2Fcomments&post=291"}],"version-history":[{"count":4,"href":"https:\/\/dkmantenimiento.com\/index.php?rest_route=\/wp\/v2\/pages\/291\/revisions"}],"predecessor-version":[{"id":318,"href":"https:\/\/dkmantenimiento.com\/index.php?rest_route=\/wp\/v2\/pages\/291\/revisions\/318"}],"up":[{"embeddable":true,"href":"https:\/\/dkmantenimiento.com\/index.php?rest_route=\/wp\/v2\/pages\/249"}],"wp:attachment":[{"href":"https:\/\/dkmantenimiento.com\/index.php?rest_route=%2Fwp%2Fv2%2Fmedia&parent=291"}],"curies":[{"name":"wp","href":"https:\/\/api.w.org\/{rel}","templated":true}]}}